se 14) in base 10?
606344
Convert -46553 (base 10) to base 14.
-12d73
What is 3788918 (base 11) in base 3?
110100211121120
Convert 27145 (base 10) to base 11.
19438
What is 1533313 (base 6) in base 12?
44239
What is -20110221121 (base 3) in base 10?
-127537
Convert 55323603 (base 7) to base 13.
ca996b
514034 (base 6) to base 5
2303222
52a660 (base 14) to base 2
1010101010010010011100
What is 121010002020 (base 3) in base 15?
63ea0
93389 (base 10) to base 5
10442024
What is -112022201121 (base 3) in base 11?
-1828a4
Convert -c1d117 (base 15) to base 13.
-1ba4a9a
Convert 12112311 (base 4) to base 14.
96bb
-573a9 (base 13) to base 2
-100110110001101110
-3a7799 (base 14) to base 15
-29d067
-110110111000000010 (base 2) to base 13
-7b400
Convert 112000320 (base 5) to base 14.
d0365
What is 1101011222021 (base 3) in base 16?
b2af8
Convert -2105297 (base 11) to base 10.
-3711176
112103000 (base 4) to base 5
10410303
What is -1214304 (base 6) in base 15?
-1418a
Convert -dc629 (base 14) to base 8.
-2022055
What is 15c9ab (base 16) in base 9?
2615616
14358 (base 11) to base 4
10332213
Convert -1356353 (base 11) to base 13.
-63a555
510c (base 14) to base 16
3668
-550006 (base 7) to base 3
-11212202021
What is 123005662 (base 7) in base 11?
4425417
16b8c (base 16) to base 8
265614
-80173 (base 15) to base 3
-202121000100
What is -12c96e1 (base 15) in base 8?
-63536413
414210 (base 5) to base 13
62c4
202222020220 (base 3) to base 11
262163
Convert -106a543 (base 12) to base 14.
-5b616b
What is -d945 (base 15) in base 7?
-251003
Convert -3e60c4 (base 15) to base 8.
-13361515
Convert 14968b (base 13) to base 6.
14504343
Convert -1121573 (base 9) to base 3.
-1010201122110
What is 6477504 (base 8) in base 12?
6b8b18
1211000010022 (base 3) to base 16
eb7cc
What is -266654 (base 13) in base 7?
-10614113
What is 3067560 (base 8) in base 13?
226c33
What is 17574211 (base 8) in base 9?
7678876
What is 5a1586 (base 12) in base 3?
2201212121110
Convert 1000001101111101 (base 2) to base 6.
415501
Convert 2415617 (base 8) to base 5.
132144130
Convert 1301212012 (base 5) to base 14.
5bd1db
What is 3313786 (base 9) in base 15?
2529e3
78784a4 (base 11) to base 3
221222021020202
What is -42bb79 (base 12) in base 8?
-4021315
Convert -20665b (base 12) to base 11.
-318438
Convert 26692 (base 15) to base 16.
1e06b
4535131 (base 6) to base 11
148220
Convert 1b5cc (base 14) to base 11.
48459
-351142 (base 7) to base 6
-1202544
1131023032 (base 4) to base 7
3146446
Convert -330035312 (base 6) to base 4.
-112130131130
Convert -1040222422 (base 5) to base 2.
-1000101011000011001111
What is -111413144 (base 6) in base 7?
-23222353
What is -5a58966 (base 11) in base 12?
-364b301
Convert -323457 (base 16) to base 5.
-1320241244
Convert -12413102 (base 5) to base 7.
-1021213
What is 8b55a2 (base 12) in base 10?
2228234
What is 11222100021 (base 3) in base 13?
35767
What is -5927895 (base 11) in base 16?
-9de1b7
Convert -2b3518 (base 12) to base 10.
-731684
Convert -24430001 (base 7) to base 3.
-11010101000102
Convert -26066061 (base 8) to base 15.
-796ee5
Convert -58a3708 (base 11) to base 14.
-1520a19
Convert -202231331 (base 4) to base 5.
-14022310
What is 2472232 (base 9) in base 12?
54b392
What is -22145024 (base 7) in base 15?
-27b138
Convert -6b302 (base 16) to base 5.
-103022132
What is 11100000010010101010 (base 2) in base 4?
3200102222
Convert -12201222032 (base 4) to base 11.
-a69333
471440 (base 10) to base 2
1110011000110010000
-225810 (base 13) to base 2
-11000110010000011010
465809 (base 10) to base 13
134036
Convert -233520 (base 9) to base 16.
-22467
Convert 25b58a7 (base 12) to base 5.
3402013033
-130319 (base 11) to base 13
-72619
What is -5c1729 (base 14) in base 13?
-86593a
Convert -269451 (base 10) to base 3.
-111200121200
Convert -2092757 (base 11) to base 12.
-12948a6
-19a7b (base 14) to base 3
-10022102010
What is 124cc1 (base 13) in base 12?
192338
Convert -21243752 (base 8) to base 4.
-101110133222
-37512225 (base 8) to base 14
-115d24d
What is -421633 (base 7) in base 3?
-10200201021
-4755986 (base 10) to base 11
-2759274
-11000001010100011 (base 2) to base 15
-1e4d9
156634 (base 12) to base 4
1120310020
-195322 (base 10) to base 9
-326834
-10122022121222 (base 3) to base 5
-443411344
3b846 (base 12) to base 4
110013312
-10323202323 (base 4) to base 7
-13662102
What is -2035155 (base 7) in base 9?
-412110
What is -122033211 (base 4) in base 9?
-173406
What is -102101323301 (base 4) in base 15?
-649cee
1c52dd (base 14) to base 6
33414215
What is -14ad26 (base 15) in base 11?
-622286
-e7045 (base 16) to base 12
-397719
-2628866 (base 9) to base 8
-5366246
Convert -40337 (base 12) to base 9.
-136377
What is 110201211022 (base 4) in base 16?
52194a
-211433311 (base 5) to base 9
-1605551
Convert -5871498 (base 10) to base 8.
-26313612
What is -101011001011011110010 (base 2) in base 5?
-330234043
175416 (base 14) to base 16
c880c
Convert 2102301 (base 6) to base 5.
11223004
Convert 159811 (base 12) to base 2.
1011010001001001101
31015245 (base 6) to base 4
3121001231
11220301 (base 6) to base 15
6c29a
What is -1012465 (base 7) in base 9?
-203851
Convert -1001102201221100 (base 3) to base 9.
-31381840
Convert -603289 (base 11) to base 6.
-32445410
What is 111001121222 (base 3) in base 9?
431558
What is -236721 (base 13) in base 14?
-17d141
Convert -111121011 (base 4) to base 5.
-10300441
What is -31212 (base 14) in base 2?
-11100111010000000
What is -3690726 (base 10) in base 5?
-1421100401
What is -1422231 (base 8) in base 3?
-202110020120
What is -11022211220202 (base 3) in base 6?
-121143502
-740440 (base 10) to base 8
-2646130
1122202202201 (base 3) to base 5
211144231
Convert -7278 (base 15) to base 16.
-5e7c
Convert 1076055 (base 11) to base 9.
3477665
1628168 (base 10) to base 14
3054da
Convert -158126 (base 14) to base 9.
-1365601
-100242420 (base 5) to base 4
-1201211313
1ccc69c (base 13) to base 2
100100110100100101010100
c0650 (base 13) to base 11
215346
-13200114 (base 5) to base 14
-35bb6
Convert -12220331 (base 8) to base 7.
-31624160
10016266 (base 9) to base 10
4794126
Convert -d229b (base 14) to base 4.
-1323121101
13d2 (base 14) to base 3
11211020
What is 6122324 (base 7) in base 4?
2301310202
What is 11011100111001001 (base 2) in base 6?
2231333
Convert -17bf0e (base 16) to base 15.
-20b193
Convert 22043111 (base 5) to base 10.
190406
What is 503334541 (base 6) in base 16?
82b63d
Convert 407774 (base 8) to base 5.
13311124
50443752 (base 8) to base 10
10635242
-1426561 (base 8) to base 3
-202120100102
What is -b26c1 (base 13) in base 7?
-2501114
What is -5316512 (base 7) in base 10?
-643379
Convert 1280149 (base 11) to base 15.
2da17a
10010110000100100010 (base 2) to base 9
1136168
Convert -49d12 (base 14) to base 8.
-541274
What is -1055616 (base 7) in base 13?
-47c1c
What is 10110011000101101 (base 2) in base 11?
62988
What is 42462466 (base 7) in base 14?
6a04a6
-aa150 (base 11) to base 6
-3232132
What is -44340044 (base 5) in base 16?
-5e753
10210210120 (base 3) to base 7
431325
Convert -bbab8 (base 12) to base 9.
-418115
What is -1100001100111100000 (base 2) in base 16?
-619e0
What is 4581410 (base 9) in base 11?
144019a
What is 1401141 (base 6) in base 2?
10011000011010101
-3223241 (base 5) to base 14
-15d9b
Convert -166020 (base 7) to base 3.
-1200122210
Convert -1945a (base 14) to base 15.
-13e51
-201222201101 (base 3) to base 14
-a355c
Convert 408652 (base 13) to base 8.
5571125
Convert 15110268 (base 9) to base 6.
424514012
What is 6072 (base 11) in base 5?
224230
Convert -114324 (base 13) to base 4.
-1203321123
Convert -1702d2c (base 14) to base 5.
-10343134010
Convert 20121201100 (base 3) to base 10.
130284
Convert -58123 (base 14) to base 9.
-355815
What is 8b85 (base 15) in base 11?
2026a
What is -c5050 (base 15) in base 14?
-1237d8
-2174c22 (base 13) to base 16
-9c2f22
Convert 4431552 (base 7) to base 4.
2011031310
-3566323 (base 8) to base 16
-eecd3
103220011333 (base 4) to base 7
61505611
Convert 765777 (base 10) to base 13.
20a72c
10c811 (base 13) to base 15
7d368
What is 11452512 (base 7) in base 9?
1826040
-10558435 (base 10) to base 8
-50215743
Convert -10323241134 (base 5) to base 4.
-222202003220
-57005 (base 10) to base